{"id":26989,"date":"2024-11-01T17:15:03","date_gmt":"2024-11-01T20:15:03","guid":{"rendered":"https:\/\/www.br44.com\/global\/inicio\/bp0033-011-bandeira-paises-baixos-patch-bordado-57x38cm\/"},"modified":"2024-12-02T14:52:28","modified_gmt":"2024-12-02T17:52:28","slug":"bp0033-011-bandeira-paises-baixos-patch-bordado-57x38cm","status":"publish","type":"product","link":"https:\/\/www.br44.com\/global\/inicio\/bp0033-011-bandeira-paises-baixos-patch-bordado-57x38cm\/","title":{"rendered":"BP0033-011 Bandeira Paises Baixos Patch Bordado 5,7&#215;3,8cm"},"content":{"rendered":"<p>Aut\u00eantico BR44 (Desde 1987)<\/p>\n<p>Tamanho: 5,7 x 3,8 cm<\/p>\n<p>4 op\u00e7\u00f5es:<\/p>\n<p>1- Termo adesivo ou costura.<\/p>\n<p>2- Fecho de contato.<\/p>\n<p>3- Chaveiro.<\/p>\n<p>4- Arquivo Matriz para bordar em m\u00e1quina eletr\u00f4nica, formato: DSB, DST, EXP, HUS, JEF, PCS, PES, SEW, VP3, XXX.<\/p>\n<p>Bordado de alta qualidade.100% BORDADO, resistente as lavagens e ao desbotamento, bordado com fios de poli\u00e9ster de alto brilho.<\/p>\n<p>Sugest\u00f5es de uso: Aplicar em bon\u00e9s, chap\u00e9us, quimonos, camisas, mochilas e equipamentos t\u00e1ticos. ou qualquer outra pe\u00e7a de roupa para dar o seu toque pessoal e \u00fanico.<\/p>\n<p>Temos a melhor qualidade e o melhor atendimento do mercado.<\/p>\n<p>Clique em comprar e conhe\u00e7a nosso trabalho.<\/p>\n","protected":false},"excerpt":{"rendered":"<p>Aut\u00eantico BR44 (Desde 1987) Tamanho: 5,7 x 3,8 cm 4 op\u00e7\u00f5es: 1- Termo adesivo ou costura. 2- Fecho de contato. 3- Chaveiro. 4- Arquivo Matriz para bordar em m\u00e1quina eletr\u00f4nica, formato: DSB, DST, EXP, HUS, JEF, PCS, PES, SEW, VP3, XXX. Bordado de alta qualidade.100% BORDADO, resistente as lavagens e ao desbotamento, bordado com fios [&hellip;]<\/p>\n","protected":false},"featured_media":27008,"comment_status":"open","ping_status":"closed","template":"","meta":{"ocean_post_layout":"","ocean_both_sidebars_style":"","ocean_both_sidebars_content_width":0,"ocean_both_sidebars_sidebars_width":0,"ocean_sidebar":"","ocean_second_sidebar":"","ocean_disable_margins":"enable","ocean_add_body_class":"","ocean_shortcode_before_top_bar":"","ocean_shortcode_after_top_bar":"","ocean_shortcode_before_header":"","ocean_shortcode_after_header":"","ocean_has_shortcode":"","ocean_shortcode_after_title":"","ocean_shortcode_before_footer_widgets":"","ocean_shortcode_after_footer_widgets":"","ocean_shortcode_before_footer_bottom":"","ocean_shortcode_after_footer_bottom":"","ocean_display_top_bar":"default","ocean_display_header":"default","ocean_header_style":"","ocean_center_header_left_menu":"","ocean_custom_header_template":"","ocean_custom_logo":0,"ocean_custom_retina_logo":0,"ocean_custom_logo_max_width":0,"ocean_custom_logo_tablet_max_width":0,"ocean_custom_logo_mobile_max_width":0,"ocean_custom_logo_max_height":0,"ocean_custom_logo_tablet_max_height":0,"ocean_custom_logo_mobile_max_height":0,"ocean_header_custom_menu":"","ocean_menu_typo_font_family":"","ocean_menu_typo_font_subset":"","ocean_menu_typo_font_size":0,"ocean_menu_typo_font_size_tablet":0,"ocean_menu_typo_font_size_mobile":0,"ocean_menu_typo_font_size_unit":"px","ocean_menu_typo_font_weight":"","ocean_menu_typo_font_weight_tablet":"","ocean_menu_typo_font_weight_mobile":"","ocean_menu_typo_transform":"","ocean_menu_typo_transform_tablet":"","ocean_menu_typo_transform_mobile":"","ocean_menu_typo_line_height":0,"ocean_menu_typo_line_height_tablet":0,"ocean_menu_typo_line_height_mobile":0,"ocean_menu_typo_line_height_unit":"","ocean_menu_typo_spacing":0,"ocean_menu_typo_spacing_tablet":0,"ocean_menu_typo_spacing_mobile":0,"ocean_menu_typo_spacing_unit":"","ocean_menu_link_color":"","ocean_menu_link_color_hover":"","ocean_menu_link_color_active":"","ocean_menu_link_background":"","ocean_menu_link_hover_background":"","ocean_menu_link_active_background":"","ocean_menu_social_links_bg":"","ocean_menu_social_hover_links_bg":"","ocean_menu_social_links_color":"","ocean_menu_social_hover_links_color":"","ocean_disable_title":"default","ocean_disable_heading":"default","ocean_post_title":"","ocean_post_subheading":"","ocean_post_title_style":"","ocean_post_title_background_color":"","ocean_post_title_background":0,"ocean_post_title_bg_image_position":"","ocean_post_title_bg_image_attachment":"","ocean_post_title_bg_image_repeat":"","ocean_post_title_bg_image_size":"","ocean_post_title_height":0,"ocean_post_title_bg_overlay":0.5,"ocean_post_title_bg_overlay_color":"","ocean_disable_breadcrumbs":"default","ocean_breadcrumbs_color":"","ocean_breadcrumbs_separator_color":"","ocean_breadcrumbs_links_color":"","ocean_breadcrumbs_links_hover_color":"","ocean_display_footer_widgets":"default","ocean_display_footer_bottom":"default","ocean_custom_footer_template":""},"product_brand":[],"product_cat":[30,17],"product_tag":[86,41,81],"class_list":{"0":"post-26989","1":"product","2":"type-product","3":"status-publish","4":"has-post-thumbnail","6":"product_cat-bandeira","7":"product_cat-bordado","8":"product_tag-patchbordado","9":"product_tag-bandeira","10":"product_tag-flag","11":"product_shipping_class-leve","13":"entry","14":"has-media","16":"first","17":"instock","18":"shipping-taxable","19":"purchasable","20":"product-type-variable","21":"has-product-nav","22":"col","23":"span_1_of_6","24":"owp-content-center","25":"owp-thumbs-layout-horizontal","26":"owp-btn-normal","27":"owp-tabs-layout-horizontal"},"yoast_head":"<!-- This site is optimized with the Yoast SEO plugin v21.6 - https:\/\/yoast.com\/wordpress\/plugins\/seo\/ -->\n<title>BP0033-011 Bandeira Paises Baixos Patch Bordado 5,7x3,8cm - BR44<\/title>\n<meta name=\"robots\" content=\"index, follow, max-snippet:-1, max-image-preview:large, max-video-preview:-1\" \/>\n<link rel=\"canonical\" href=\"https:\/\/www.br44.com\/global\/inicio\/bp0033-011-bandeira-paises-baixos-patch-bordado-57x38cm\/\" \/>\n<meta property=\"og:locale\" content=\"pt_BR\" \/>\n<meta property=\"og:type\" content=\"article\" \/>\n<meta property=\"og:title\" content=\"BP0033-011 Bandeira Paises Baixos Patch Bordado 5,7x3,8cm - BR44\" \/>\n<meta property=\"og:description\" content=\"Aut\u00eantico BR44 (Desde 1987) Tamanho: 5,7 x 3,8 cm 4 op\u00e7\u00f5es: 1- Termo adesivo ou costura. 2- Fecho de contato. 3- Chaveiro. 4- Arquivo Matriz para bordar em m\u00e1quina eletr\u00f4nica, formato: DSB, DST, EXP, HUS, JEF, PCS, PES, SEW, VP3, XXX. Bordado de alta qualidade.100% BORDADO, resistente as lavagens e ao desbotamento, bordado com fios [&hellip;]\" \/>\n<meta property=\"og:url\" content=\"https:\/\/www.br44.com\/global\/inicio\/bp0033-011-bandeira-paises-baixos-patch-bordado-57x38cm\/\" \/>\n<meta property=\"og:site_name\" content=\"BR44\" \/>\n<meta property=\"article:modified_time\" content=\"2024-12-02T17:52:28+00:00\" \/>\n<meta property=\"og:image\" content=\"https:\/\/www.br44.com\/global\/wp-content\/uploads\/2024\/11\/BP0033T011.jpg\" \/>\n\t<meta property=\"og:image:width\" content=\"1080\" \/>\n\t<meta property=\"og:image:height\" content=\"1080\" \/>\n\t<meta property=\"og:image:type\" content=\"image\/jpeg\" \/>\n<meta name=\"twitter:card\" content=\"summary_large_image\" \/>\n<meta name=\"twitter:label1\" content=\"Est. tempo de leitura\" \/>\n\t<meta name=\"twitter:data1\" content=\"1 minuto\" \/>\n<script type=\"application\/ld+json\" class=\"yoast-schema-graph\">{\"@context\":\"https:\/\/schema.org\",\"@graph\":[{\"@type\":\"WebPage\",\"@id\":\"https:\/\/www.br44.com\/global\/inicio\/bp0033-011-bandeira-paises-baixos-patch-bordado-57x38cm\/\",\"url\":\"https:\/\/www.br44.com\/global\/inicio\/bp0033-011-bandeira-paises-baixos-patch-bordado-57x38cm\/\",\"name\":\"BP0033-011 Bandeira Paises Baixos Patch Bordado 5,7x3,8cm - BR44\",\"isPartOf\":{\"@id\":\"https:\/\/www.br44.com\/global\/#website\"},\"datePublished\":\"2024-11-01T20:15:03+00:00\",\"dateModified\":\"2024-12-02T17:52:28+00:00\",\"breadcrumb\":{\"@id\":\"https:\/\/www.br44.com\/global\/inicio\/bp0033-011-bandeira-paises-baixos-patch-bordado-57x38cm\/#breadcrumb\"},\"inLanguage\":\"pt-BR\",\"potentialAction\":[{\"@type\":\"ReadAction\",\"target\":[\"https:\/\/www.br44.com\/global\/inicio\/bp0033-011-bandeira-paises-baixos-patch-bordado-57x38cm\/\"]}]},{\"@type\":\"BreadcrumbList\",\"@id\":\"https:\/\/www.br44.com\/global\/inicio\/bp0033-011-bandeira-paises-baixos-patch-bordado-57x38cm\/#breadcrumb\",\"itemListElement\":[{\"@type\":\"ListItem\",\"position\":1,\"name\":\"In\u00edcio\",\"item\":\"https:\/\/www.br44.com\/global\/\"},{\"@type\":\"ListItem\",\"position\":2,\"name\":\"Loja\",\"item\":\"https:\/\/www.br44.com\/global\/loja\/\"},{\"@type\":\"ListItem\",\"position\":3,\"name\":\"BP0033-011 Bandeira Paises Baixos Patch Bordado 5,7&#215;3,8cm\"}]},{\"@type\":\"WebSite\",\"@id\":\"https:\/\/www.br44.com\/global\/#website\",\"url\":\"https:\/\/www.br44.com\/global\/\",\"name\":\"BR44\",\"description\":\"Embroidered Patch Bordado.\",\"publisher\":{\"@id\":\"https:\/\/www.br44.com\/global\/#organization\"},\"potentialAction\":[{\"@type\":\"SearchAction\",\"target\":{\"@type\":\"EntryPoint\",\"urlTemplate\":\"https:\/\/www.br44.com\/global\/?s={search_term_string}\"},\"query-input\":\"required name=search_term_string\"}],\"inLanguage\":\"pt-BR\"},{\"@type\":\"Organization\",\"@id\":\"https:\/\/www.br44.com\/global\/#organization\",\"name\":\"BR44\",\"url\":\"https:\/\/www.br44.com\/global\/\",\"logo\":{\"@type\":\"ImageObject\",\"inLanguage\":\"pt-BR\",\"@id\":\"https:\/\/www.br44.com\/global\/#\/schema\/logo\/image\/\",\"url\":\"https:\/\/www.br44.com\/global\/wp-content\/uploads\/2022\/10\/BR44_192x192.png\",\"contentUrl\":\"https:\/\/www.br44.com\/global\/wp-content\/uploads\/2022\/10\/BR44_192x192.png\",\"width\":192,\"height\":192,\"caption\":\"BR44\"},\"image\":{\"@id\":\"https:\/\/www.br44.com\/global\/#\/schema\/logo\/image\/\"},\"sameAs\":[\"https:\/\/www.instagram.com\/br44.patch\/\"]}]}<\/script>\n<!-- \/ Yoast SEO plugin. -->","yoast_head_json":{"title":"BP0033-011 Bandeira Paises Baixos Patch Bordado 5,7x3,8cm - BR44","robots":{"index":"index","follow":"follow","max-snippet":"max-snippet:-1","max-image-preview":"max-image-preview:large","max-video-preview":"max-video-preview:-1"},"canonical":"https:\/\/www.br44.com\/global\/inicio\/bp0033-011-bandeira-paises-baixos-patch-bordado-57x38cm\/","og_locale":"pt_BR","og_type":"article","og_title":"BP0033-011 Bandeira Paises Baixos Patch Bordado 5,7x3,8cm - BR44","og_description":"Aut\u00eantico BR44 (Desde 1987) Tamanho: 5,7 x 3,8 cm 4 op\u00e7\u00f5es: 1- Termo adesivo ou costura. 2- Fecho de contato. 3- Chaveiro. 4- Arquivo Matriz para bordar em m\u00e1quina eletr\u00f4nica, formato: DSB, DST, EXP, HUS, JEF, PCS, PES, SEW, VP3, XXX. Bordado de alta qualidade.100% BORDADO, resistente as lavagens e ao desbotamento, bordado com fios [&hellip;]","og_url":"https:\/\/www.br44.com\/global\/inicio\/bp0033-011-bandeira-paises-baixos-patch-bordado-57x38cm\/","og_site_name":"BR44","article_modified_time":"2024-12-02T17:52:28+00:00","og_image":[{"width":1080,"height":1080,"url":"https:\/\/www.br44.com\/global\/wp-content\/uploads\/2024\/11\/BP0033T011.jpg","type":"image\/jpeg"}],"twitter_card":"summary_large_image","twitter_misc":{"Est. tempo de leitura":"1 minuto"},"schema":{"@context":"https:\/\/schema.org","@graph":[{"@type":"WebPage","@id":"https:\/\/www.br44.com\/global\/inicio\/bp0033-011-bandeira-paises-baixos-patch-bordado-57x38cm\/","url":"https:\/\/www.br44.com\/global\/inicio\/bp0033-011-bandeira-paises-baixos-patch-bordado-57x38cm\/","name":"BP0033-011 Bandeira Paises Baixos Patch Bordado 5,7x3,8cm - BR44","isPartOf":{"@id":"https:\/\/www.br44.com\/global\/#website"},"datePublished":"2024-11-01T20:15:03+00:00","dateModified":"2024-12-02T17:52:28+00:00","breadcrumb":{"@id":"https:\/\/www.br44.com\/global\/inicio\/bp0033-011-bandeira-paises-baixos-patch-bordado-57x38cm\/#breadcrumb"},"inLanguage":"pt-BR","potentialAction":[{"@type":"ReadAction","target":["https:\/\/www.br44.com\/global\/inicio\/bp0033-011-bandeira-paises-baixos-patch-bordado-57x38cm\/"]}]},{"@type":"BreadcrumbList","@id":"https:\/\/www.br44.com\/global\/inicio\/bp0033-011-bandeira-paises-baixos-patch-bordado-57x38cm\/#breadcrumb","itemListElement":[{"@type":"ListItem","position":1,"name":"In\u00edcio","item":"https:\/\/www.br44.com\/global\/"},{"@type":"ListItem","position":2,"name":"Loja","item":"https:\/\/www.br44.com\/global\/loja\/"},{"@type":"ListItem","position":3,"name":"BP0033-011 Bandeira Paises Baixos Patch Bordado 5,7&#215;3,8cm"}]},{"@type":"WebSite","@id":"https:\/\/www.br44.com\/global\/#website","url":"https:\/\/www.br44.com\/global\/","name":"BR44","description":"Embroidered Patch Bordado.","publisher":{"@id":"https:\/\/www.br44.com\/global\/#organization"},"potentialAction":[{"@type":"SearchAction","target":{"@type":"EntryPoint","urlTemplate":"https:\/\/www.br44.com\/global\/?s={search_term_string}"},"query-input":"required name=search_term_string"}],"inLanguage":"pt-BR"},{"@type":"Organization","@id":"https:\/\/www.br44.com\/global\/#organization","name":"BR44","url":"https:\/\/www.br44.com\/global\/","logo":{"@type":"ImageObject","inLanguage":"pt-BR","@id":"https:\/\/www.br44.com\/global\/#\/schema\/logo\/image\/","url":"https:\/\/www.br44.com\/global\/wp-content\/uploads\/2022\/10\/BR44_192x192.png","contentUrl":"https:\/\/www.br44.com\/global\/wp-content\/uploads\/2022\/10\/BR44_192x192.png","width":192,"height":192,"caption":"BR44"},"image":{"@id":"https:\/\/www.br44.com\/global\/#\/schema\/logo\/image\/"},"sameAs":["https:\/\/www.instagram.com\/br44.patch\/"]}]}},"_links":{"self":[{"href":"https:\/\/www.br44.com\/global\/wp-json\/wp\/v2\/product\/26989","targetHints":{"allow":["GET"]}}],"collection":[{"href":"https:\/\/www.br44.com\/global\/wp-json\/wp\/v2\/product"}],"about":[{"href":"https:\/\/www.br44.com\/global\/wp-json\/wp\/v2\/types\/product"}],"replies":[{"embeddable":true,"href":"https:\/\/www.br44.com\/global\/wp-json\/wp\/v2\/comments?post=26989"}],"wp:featuredmedia":[{"embeddable":true,"href":"https:\/\/www.br44.com\/global\/wp-json\/wp\/v2\/media\/27008"}],"wp:attachment":[{"href":"https:\/\/www.br44.com\/global\/wp-json\/wp\/v2\/media?parent=26989"}],"wp:term":[{"taxonomy":"product_brand","embeddable":true,"href":"https:\/\/www.br44.com\/global\/wp-json\/wp\/v2\/product_brand?post=26989"},{"taxonomy":"product_cat","embeddable":true,"href":"https:\/\/www.br44.com\/global\/wp-json\/wp\/v2\/product_cat?post=26989"},{"taxonomy":"product_tag","embeddable":true,"href":"https:\/\/www.br44.com\/global\/wp-json\/wp\/v2\/product_tag?post=26989"}],"curies":[{"name":"wp","href":"https:\/\/api.w.org\/{rel}","templated":true}]}}